+ 4*h - 4. Let i(b) = 4 - b**3 + 22*b**2 + 0 + 42*b - 23*b**2 + 1. Let w be i(6). Determine p(w).
-9
Let a(i) = -i**3 + 4*i**2 + 2. Let l be a(4). Let n(m) be the first derivative of 6*m + m**2 - 3 + 0*m**l - m**2 + m**2. Calculate n(-6).
-6
Let p(g) be the first derivative of g**3/3 - 5*g**2 + 103. What is p(7)?
-21
Let q(r) = -2 + 4 + 65*r - 56*r + 4. Calculate q(-5).
-39
Let n(o) = 8*o**2 + 32*o + 57. Let c(t) = -2*t**2 - 8*t - 13. Let g(b) = 9*c(b) + 2*n(b). Give g(-5).
-13
Let d(c) = c**2 + 9*c + 3. Let g(v) = -2*v**3 + 16*v**2 - v - 1. Let k be g(8). Give d(k).
3
Let m be (-3 - -4)/((-4)/(-20)). Suppose 3*q - m - 4 = 0, -s + 3*q - 1 = 0. Suppose 0 = 4*t - s*t + 12. Let g(v) = -2*v**2 + 3*v + 4. Determine g(t).
-5
Let u be (-240)/32*(12/5 + 0). Let g(n) = -n - 26. What is g(u)?
-8
Let k = 181 + -179. Let m(v) = -6*v**2 + 2*v. Calculate m(k).
-20
Let x(h) be the third derivative of h**5/60 - h**4/24 + 5*h**3/6 - 91*h**2. Determine x(0).
5
Suppose -7*o + 2*o = 0. Let j(g) = -g**3 + 2*g**2 + g - 8. Let k = -7 - -4. Let h(x) = 2*x**3 - 3*x**2 - 2*x + 17. Let u(y) = k*h(y) - 5*j(y). Calculate u(o).
-11
Suppose 3*j - 9 = 3. Let n(g) = -6*g**3 - 26*g**2 - 31*g + 25. Let y(q) = q**3 + 5*q**2 + 6*q - 5. Let t = 7 + -9. Let u(k) = t*n(k) - 11*y(k). Give u(j).
5
Let r be -2 + 16/(-8) - -7. Let i = 7 - 5. Let q(l) = -l + i*l**2 - l**2 - 1 - l. Determine q(r).
2
Let v(x) = x**3 + 6*x**2 + 6*x - 1. Let g be v(-5). Let u be g*(4 - 27/6). Let h(n) = -n + 9 + u*n + 4*n - n**2 + 2*n. Determine h(8).
9
Let b(y) = 3*y - 32. Let r(p) = 5*p - 48. Let t(z) = -8*b(z) + 5*r(z). Calculate t(-7).
9
Let x(n) be the third derivative of 0*n**3 - 1/40*n**5 + 1/360*n**6 + 0 - 1/6*n**4 + 0*n - 5*n**2. Let v(a) be the second derivative of x(a). Calculate v(-5).
-13
Let f(t) = -2*t**2 - 11*t + 10. Let c(q) = -q**2 - 5*q + 5. Suppose 0 = -2*s + 4*s - 10. Let u(g) = s*c(g) - 2*f(g). What is u(-5)?
-5
Let t(l) be the second derivative of l**3 - 2*l. Let g be ((-2)/(-3))/((-4)/12). Determine t(g).
-12
Let t(i) = i**3 - 2*i**2 - 2*i - 4. Suppose 8*h = 5*p + 3*h - 70, 2*p = -4*h + 34. Let m(q) = -q**2 - 14*q + 18. Let n be m(-14). Let z = n - p. Give t(z).
-1
Let w(i) = i - 16. Suppose 13*h - 4*h - 108 = 0. Let r be w(h). Let y(v) = 5 - 4 + v + 0*v. What is y(r)?
-3
Let s(q) = 5*q - 1. Let h(z) = z. Let m(n) = 22*h(n) - 4*s(n). Let k(y) = -y**3 + 7*y**2 - 8*y + 9. Let u be k(6). Let c be u/(-1) + 0 + 0 + -8. Give m(c).
-6
Let p(u) = -u**3 - 3*u**2 - 2*u. Let o be (-92)/(-1)*(-2)/(-4). Let d = o - 48. Calculate p(d).
0
Suppose -8 = -3*o + 6*o - 2*x, 20 = -3*o + 5*x. Let j(p) = -p - 24 - 7 + 0*p + 34. Calculate j(o).
3
Let b(y) be the second derivative of y**5/10 - y**4/12 + y**3/6 - 3*y**2/2 - 26*y - 2. Give b(2).
11
Let p = -328 - -324. Let h(z) = z**3 + 7*z**2 + 9*z + 1. Determine h(p).
13
Let c = -67 + 97. Let q be (16/24)/(2/c). Let l be (-22)/4 + (-5)/q. Let b(p) = p**3 + 8*p**2 + 10*p + 6. What is b(l)?
18
Let q(r) = 0*r + r**3 + 5503 - 5498 - 5*r**2 - 4*r. Determine q(5).
-15
Let o(t) = 10*t + 13. Suppose 6 = -4*f + w, -799*w + 801*w = -5*f - 14. Determine o(f).
-7
Let o(z) = 2*z**3 - 5*z**2 + 3*z + 2. Let d be o(2). Let k(h) = 5*h - 6*h**2 + 4*h**2 - d*h - 2 + h**2. What is k(5)?
-22
Let f(l) = -l**3 + 17*l**2 - 28*l - 32. Let j be f(15). Let h(d) = 4 - 4*d + 2*d - 3 + 1 - 3*d**2. What is h(j)?
-6
Let r be 127 - (0 + (1 - 2)). Suppose 5*a + 2*j + 170 = 0, -3*a + 0*j = -4*j + r. Let i be 9/a + 34/8. Let d(o) = o**2 - 3*o - 5. Give d(i).
-1
Let n(p) = -111*p - 2 + 112*p - 1. What is n(8)?
5
Let f(r) = r**2 - 3*r - 8. Let a be f(7). Let n(q) = -13*q - 18*q + a*q. Calculate n(2).
-22
Let b(i) = -6*i**2 - 3*i - 2. Let x be (-6)/27 + (-43)/9. Let m be -2*(5/6)/x*-6. What is b(m)?
-20
Let d(j) = j**3 + 6*j**2 - 2*j - 9. Let z be d(-6). Let m(a) = -6 - 4*a**2 - 3*a + 5*a**z - 9*a**3 + 5*a**3. Let g(h) = 3*h - 7. Let y be g(4). Calculate m(y).
4
Let n(a) = 6*a + 6 + 2*a - 3*a + 2*a. Determine n(-5).
-29
Let g(t) = -3*t**2 + 9. Let x(m) = m**2 - 7*m - 6. Let f be x(7). Let c be (-24)/f + 1*-1. Let i(r) = -r**2 + 3. Let q(a) = c*g(a) - 8*i(a). Calculate q(-3).
-6
Let l(z) = -z**2 - z - 6*z - 2 + 3*z. Suppose 18*r + 9 = -45. Calculate l(r).
1
Let x be 2/(2/(-12)*-4). Let m(n) = n - 3*n + 6*n**2 + n**3 + n + 5 + x*n. Calculate m(-6).
-7
Let x(s) = 3*s**2 - 8*s + 4. Let o be ((-2)/4)/((-1)/(-10)). Let l(u) = -58*u**2 + 6*u + 53*u**2 - 4 - 2 + 6*u. Let g(n) = o*l(n) - 8*x(n). Determine g(-4).
-2
Let k(q) = 11*q**3 - 27*q**2 - 19*q - 20. Let x(d) = 5*d**3 - 13*d**2 - 9*d - 10. Let p(a) = -6*k(a) + 13*x(a). Determine p(-7).
11
Let p be (-46)/(-14) - (1 - (-15)/(-21)). Suppose 5 = p*x - 1. Let a(d) = 5*d**2 + 4 - 3 - 2*d**2. Determine a(x).
13
Suppose 6*b = 42 - 12. Let k(r) = -5*r**2 - 4. Let j(f) = 11*f**2 + f + 8. Let g(h) = 4*j(h) + 9*k(h). Give g(b).
-9
Let z(c) = 2*c - 4*c**2 - c**2 + 1 - 4*c. Let j(k) be the third derivative of -k**5/60 + 5*k**4/24 + 7*k**3/6 - 17*k**2. Let p be j(6). Give z(p).
-6
Suppose -6*i - 3*i + 36 = 0. Let l = -5 - -8. Suppose -i*u + 5*u = -l. Let j(f) = -3*f - 4. Calculate j(u).
5
Let r(u) = u**3 - 4*u**2 + u. Suppose 0 = 3*a - 5*a + 6. Let g be r(a). Let s(p) = p**3 + 5*p**2 - 6*p - 1. Give s(g).
-1
Let g(a) be the third derivative of a**4/24 + a**3/3 + 47*a**2. What is g(-6)?
-4
Let s(m) = 9*m**2 - 268*m**3 + 141*m**3 - 5 + m + 126*m**3. What is s(9)?
4
Let g(u) be the second derivative of u**5/20 - 7*u**4/12 - 5*u**2/2 + u - 34. Calculate g(7).
-5
Let r(t) = -5*t + 3. Suppose 2*j - 22 = 5*o + 14, 3*j = 9. Determine r(o).
33
Let z = 589 + -585. Let i(p) = 3 + 4 - 2 + 2*p. Give i(z).
13
Let o(c) be the second derivative of -c**4/12 - 5*c**3/6 + 4*c**2 + 10*c. Let p be 1*(-33)/(-6)*-2. Let b = -17 - p. Calculate o(b).
2
Let p(i) = i - 1. Let r(g) = -g + 1. Let y be r(1). Let u be (12/10)/(87/290). Suppose -2*t - u - 2 = y. Calculate p(t).
-4
Let b(i) be the first derivative of -2*i**2 + 2. Suppose 4*f + 3 + 5 = 0. Let q be (10/(-2) - f)/(-3). Determine b(q).
-4
Suppose -5*u = 56*u + 549. Let n(d) = -d**3 - 10*d**2 - 11*d. Calculate n(u).
18
Let v(k) be the third derivative of -k**6/120 + 13*k**5/60 - k**4/12 + 7*k**3/6 + 292*k**2. Give v(13).
-19
Suppose 3*b = b + 56. Let m = 26 - b. Let t(a) = a**2 - 3*a - 3. Determine t(m).
7
Let v(a) = -420*a - 415*a + 834*a + 16. Suppose 0*t = 2*t. Calculate v(t).
16
Let k(n) = -n**3 + 3*n + 7*n**2 - 7*n**2 - n - 4*n**2 + 6. Determine k(-4).
-2
Let t(w) be the third derivative of -w**5/60 + w**4/8 + 2*w**3/3 + 39*w**2 - 2*w. Calculate t(4).
0
Let f(x) = 2*x - 336 + 170 - x + 164. Give f(-8).
-10
Let w(f) = -3*f + 1. Let q(u) = -u**3 - 8*u**2 + 10*u - 2. Let s be q(1). What is w(s)?
4
Let l(q) = -q**3 + q - 5. Let y = -73 - -69. Let h be 2/(-4)*(y - -4)/6. What is l(h)?
-5
Let t(q) = 4*q - 4. Let j(b) = -b + 1. Let w(a) = -9*j(a) - 2*t(a). Let y(i) = -i**3 + 8*i**2 + 8*i + 3. Let r be y(9). Let p = r - -11. Determine w(p).
4
Suppose 10*p + 194 = 204. Let z(y) = y**3 + y - 1. Determine z(p).
1
Let u = -788 - -784. Let k(d) = -d**2 - 2*d - 5. Calculate k(u).
-13
Suppose 0*j - 2*j = 3*z, -4*z = j. Suppose q - 2*i = 33, -3*i - 12 = i. Let r(y) = y + q - 36 + 18. Calculate r(j).
9
Let t(b) = 8*b**3 + 2*b**2 - 2*b + 1. Suppose -3*d = -32 - 1. Suppose -18 = 2*r - 4*z, 2*z - d = -1. Determine t(r).
9
Let p(v) = 2*v**2 + 7*v + 3. Let s(n) = -n**2 - n + 1. Let g(z) = -p(z) - 3*s(z). Let m = -9 - -15. Let i be (-2)/((-8)/m + 1). Give g(i).
6
Let t(z) = 2*z - 26. Let c be t(17). Let u(s) = 5*s - 6 + 0 + 2*s**2 + c. Suppose -3*o - 3 - 6 = 0. Calculate u(o).
5
Let w(n) = -11*n**2 + 11*n - 4. Let s(z) = 2*z**2 - 2*z + 2. Let c(f) = -5*s(f) - w(f). What is c(0)?
-6
Let q(r) = -20*r**3 - 2*r**2 + 2*r - 1. Suppose 16 - 34 = -6*u. Suppose -2*d + 4 = -0*d, 2*n - 8 = -u*d. What is q(n)?
-21
Let g(h) = -4*h - 1. Let o(s) = 5*s**3 - 7*s**2 + 11*s - 18. Let u(i) = -i**3 - i. Let w(y) = -o(y) - 6*u(y). Let q be w(-8). Calculate g(q).
23
Let t(r) = 8*r**3 - r. Let j be (-1)/(-1)*(6 - -1). Suppose a - 6 = j*a. What is t(a)?
-7
Let n(v) = -7*v + 47. Let u(o) = -5*o + 47. Let l(k) = -4*n(k) + 5*u(k). Calculate l(-17).
-4
Let s(u) be the first derivative of -3*u - 1/3*u**3 + 3*u**2 - 24. What is s(4)?
5
Let d(l) be the first derivative of 2 + 1/